ivided by j(-6)?
15
Let t(x) = x**2 - 39*x + 180. Let h(w) = 3 - w - 2 + 2. Calculate the remainder when t(34) is divided by h(-3).
4
Let i = -83 + 116. Calculate the remainder when i is divided by 5.
3
Suppose -6*t + 210 = -t. What is the remainder when t is divided by 23?
19
Suppose 90 = 5*j + 3*g, 4*j - 36 = 2*j + 4*g. Let h = -17 - -24. What is the remainder when j is divided by h?
4
Let o(i) = -i**3 - 9*i**2 - 10*i - 7. What is the remainder when (-2 - 0 - 3)*-5 is divided by o(-8)?
7
Let r be ((-14)/6 - -1)*3. Let i(w) = 3*w**2 + 4 - 3 + 3*w + 0. Calculate the remainder when i(r) is divided by 13.
11
Let o = 87 - 29. Calculate the remainder when o is divided by 12.
10
Calculate the remainder when 6*(-2 - (2 - (-40)/(-6))) is divided by 5.
1
Let j be (2/6)/((-2)/6). Calculate the remainder when ((-2)/6)/(j/93) is divided by 17.
14
Suppose -4*g = -4, -101 = -3*p - p + 3*g. Suppose 9*i - p = 7*i. What is the remainder when i is divided by 5?
3
Let s(c) = -c**3 - 4*c**2 + c - 3. Calculate the remainder when s(-5) is divided by 5.
2
Suppose 4*m = -m. Suppose -4*r = 5*d - 406, m = 3*d - r - 150 - 80. Calculate the remainder when d is divided by 27.
24
Let b = 12 - 6. Calculate the remainder when b is divided by 3.
0
Suppose -2*k - 279 = -3*j, 4*j = -j + k + 465. Suppose -78 - 7 = -5*i. Calculate the remainder when j/3 - (1 + -3) is divided by i.
16
Let y(m) = m**3 - m**2 - 3. Let d(a) = -a**3 + 7*a**2 + 3*a - 13. What is the remainder when y(3) is divided by d(7)?
7
Let v be 2/(-12) - (-50)/12. Let a(f) = -2 + 5*f - v*f + 1 + 0. What is the remainder when 11 is divided by a(5)?
3
Let l(u) = u**3 + 5*u**2 - u - 3. Let i = -3 + -1. Calculate the remainder when 65 is divided by l(i).
14
Let o = 149 + -111. What is the remainder when o is divided by 20?
18
Let q be (3 - -1) + 0/(-10). Suppose -d + 3*w + 11 = 0, -q*w = w. Calculate the remainder when 43 is divided by d.
10
Suppose 0 = -k - 0*k + 3. Let g be 6/(-9)*k/1. Let v = 3 + g. Calculate the remainder when v is divided by 1.
0
Let f(w) = w**2 + 4*w + 3. Calculate the remainder when 7 is divided by f(-4).
1
Suppose 2*q - 5*k + k = -12, -k = -q - 2. Let p be 5/(-4) - q/(-8). Calculate the remainder when 29/((-1)/p)*1 is divided by 10.
9
Let i = -58 - -63. What is the remainder when 22 is divided by i?
2
Suppose d - 2*q - 19 = 2*q, d + 2*q - 1 = 0. Suppose -4*v - 2*w + 74 = -d*w, -5*v = 5*w - 70. What is the remainder when 31 is divided by v?
15
Let o(z) = 3*z**2 + 2*z - 15. What is the remainder when o(4) is divided by 4?
1
Let u(p) be the third derivative of -7*p**6/120 + p**5/60 + 4*p**2. Calculate the remainder when 30 is divided by u(-1).
6
Suppose -4*m - m = -30. Suppose m = -n + 20. Calculate the remainder when 26 is divided by n.
12
Calculate the remainder when (-6)/(-4)*(21 + 9) is divided by 12.
9
Let g(s) = -s**3 - 10*s**2 - 11*s - 9. Calculate the remainder when 51 is divided by g(-9).
6
Let u(s) = s**2 - 5*s + 9. Let n be u(8). Suppose 4 = l - n. What is the remainder when l is divided by 10?
7
Let b(f) = f**3 + 6*f**2 - f + 3. What is the remainder when 15 is divided by b(-6)?
6
Let c = 102 + 6. Suppose 5*z = 2*y - c, -z = 3*y + 4*z - 162. What is the remainder when y is divided by 11?
10
What is the remainder when 73 is divided by (100/8)/(2/4)?
23
Suppose 0 = 2*x + 2*q - 94, 5*q + 29 = -2*x + 3*x. Calculate the remainder when 86 is divided by x.
42
Let z = -29 - -44. What is the remainder when 193 is divided by z?
13
Suppose -37 = -5*j + 113. Calculate the remainder when 3 - 1 - (-3 - j) is divided by 12.
11
Let w = -29 + -1. What is the remainder when 59 is divided by (-12)/(-1)*w/(-18)?
19
Let w = 96 + 12. Suppose -24 = 4*d - w. Calculate the remainder when 82 is divided by d.
19
Let s(c) = 27*c + 1 - 1 - 3. What is the remainder when s(2) is divided by 13?
12
Let v = 189 - 153. Suppose 315 = -0*y + 3*y. What is the remainder when y is divided by v?
33
What is the remainder when 44 is divided by 69*((-12)/(-9) + -1)/1?
21
Let h = 12 + -2. Let s = 36 - -3. Calculate the remainder when s is divided by h.
9
Let g = 42 - 1. Calculate the remainder when g is divided by 22.
19
Let p(m) = -m**3 + 3*m**2 + 5*m - 4. Let n be p(4). Suppose -5*z - 128 = -4*g - 3*z, n = -4*z + 8. Calculate the remainder when g is divided by 12.
9
Suppose -2*y + 53 = -35. Suppose -x - 3*x = 120. Let k = y + x. What is the remainder when 40 is divided by k?
12
Suppose 0 = -7*l + 2*l + 2*a + 31, -2*l - a + 7 = 0. Let h = 15 - l. Calculate the remainder when 29 is divided by h.
9
Calculate the remainder when (-16137)/(-132) - 2/8 is divided by 32.
26
Let h be 2*(1 - 9/(-6)). Suppose 7 - 62 = -h*v. Calculate the remainder when v is divided by 4.
3
Let y(p) = p**3 + 5*p**2 - 8*p - 9. Let m = -6 - 0. Let n be y(m). What is the remainder when 1/(n/(-21))*-1 is divided by 4?
3
Let s(m) = 2*m**3 - 2*m**2 + 2*m - 1. Let r be s(1). Suppose -6 - r = t. Calculate the remainder when (-70)/4*12/t is divided by 16.
14
Suppose c - 54 = -5*c. Suppose -c*d - 40 = -10*d. Calculate the remainder when d is divided by 14.
12
Let o = -7 + 15. Let c(g) = -g**3 + 8*g**2 + 2*g - 3. Calculate the remainder when 25 is divided by c(o).
12
Let g(k) = 2*k**3 - 2*k**2 - 2*k + 1. Let q be g(2). Let y = q + 4. What is the remainder when y is divided by 4?
1
Suppose -3*y - 28 = -2*y. Let p = 3 - 10. Calculate the remainder when 64 is divided by p/y + (-87)/(-4).
20
Suppose -17 = -p + 4. What is the remainder when 61 is divided by p?
19
Let q(c) = -3*c - 24. What is the remainder when q(-11) is divided by 5?
4
Let y(r) = 6*r**3 - 5*r**2 + 2*r + 1. What is the remainder when y(3) is divided by 42?
40
Let i be (-6)/2 + 15/5. What is the remainder when i - -2 - 0 - -12 is divided by 8?
6
Let j(n) = n**2 + n + 10. Let y be j(7). Suppose 2*k + 3*m - y = 2*m, 2*k + 3*m - 58 = 0. Calculate the remainder when k is divided by 12.
11
Suppose -2*y - 4*f + 0*f + 40 = 0, -4*y + f + 125 = 0. What is the remainder when y is divided by 11?
8
Let w(c) = 1 + c + 20*c**3 - 2*c - 1. Suppose -4*r + 16 = 4*x, 4*r = -r - 4*x + 23. Calculate the remainder when w(1) is divided by r.
5
Suppose 2*y = 4*y. Suppose y = d - 3*d + 14. Calculate the remainder when ((-19)/2)/((-2)/4) is divided by d.
5
Suppose 0 = 2*l - 2 - 10. Let r(o) = 7*o - 5. Suppose -4*j + 51 = -25. Calculate the remainder when r(l) is divided by j.
18
What is the remainder when 9 is divided by (-2)/4 - 99/(-18)?
4
Suppose 3 = -2*m + 5*m. Suppose 16 = 4*w + 5*g - 2, 3*w = -3*g + 12. What is the remainder when w is divided by m?
0
Suppose 4*w - 20 = 2*w. Suppose 5*p - 45 = w. What is the remainder when 31 is divided by p?
9
Suppose 0 = -4*q + 3*m + 39, q - 32 = -2*q + 5*m. Suppose -q*s = -4*s - 135. Calculate the remainder when s is divided by 14.
13
Let w = 153 + -146. Calculate the remainder when 17 - (-2 - (-1 - -1)) is divided by w.
5
What is the remainder when 8 is divided by -2 + -1 - -3*2?
2
Let q be (1 - 5) + 2 + 4. Suppose q*b - 126 = -2*a, 3*a = -b - a + 78. Calculate the remainder when b is divided by ((-5)/3)/((-3)/36).
18
Calculate the remainder when ((-3)/(-6))/((-4)/(-96)) is divided by (-2 - 0)/((-4)/14).
5
Suppose 2*o - 47 = 13. Let q = -16 + o. What is the remainder when 39 is divided by q?
11
Let g = 164 - 45. What is the remainder when g is divided by 11?
9
Let m(l) = -l**2 + 12*l - 21. What is the remainder when 74 is divided by m(8)?
8
Let m be (-4)/(-2) - 51/(-3). Let i = m + 13. Calculate the remainder when i is divided by 17.
15
Let a(f) = -f + 5. Calculate the remainder when 29 is divided by a(-5).
9
What is the remainder when 26 is divided by (6 - 15/(-5)) + -2?
5
Let a be (-16)/1*(-28)/8. Suppose -b + 8*z + 36 = 3*z, -3*b = -2*z - a. What is the remainder when b is divided by 9?
7
Suppose -7*l = -284 - 171. What is the remainder when l is divided by 17?
14
Suppose -b + 43 = -2*i, -5*b - 5*i + 4*i + 171 = 0. What is the remainder when b is divided by 9?
8
Let y(x) = -5*x + 14. Calculate the remainder when y(-7) is divided by 26.
23
Let u be ((-32)/(-10))/((-4)/(-10)). Suppose -6 + 82 = 4*k - 2*f, -2*k + 30 = 3*f. Calculate the remainder when k is divided by (20/3)/(u/12).
8
Let q(j) = -7*j + 5. Let t be q(4). Suppose -30 + 8 = -2*g. Calculate the remainder when 1 + 0 - (t 